or of 4242 and 63.
21
Calculate the highest common factor of 2585 and 235.
235
What is the greatest common factor of 10 and 290?
10
Calculate the highest common factor of 44 and 22.
22
What is the greatest common divisor of 26 and 4654?
26
What is the highest common divisor of 2250 and 600?
150
Calculate the greatest common divisor of 9845 and 55.
55
What is the highest common divisor of 1498 and 112?
14
What is the greatest common factor of 220 and 66?
22
Calculate the highest common divisor of 520 and 5590.
130
What is the highest common factor of 1440 and 620?
20
What is the highest common factor of 7974 and 18?
18
Calculate the greatest common divisor of 33320 and 80.
40
Calculate the greatest common divisor of 1700 and 884.
68
What is the highest common divisor of 52 and 299?
13
Calculate the highest common divisor of 14 and 14273.
7
What is the greatest common factor of 126 and 4634?
14
Calculate the greatest common divisor of 19 and 11.
1
Calculate the greatest common divisor of 360 and 1480.
40
What is the highest common divisor of 95 and 1216?
19
Calculate the highest common divisor of 102 and 2006.
34
What is the greatest common factor of 30 and 5600?
10
What is the greatest common divisor of 1250 and 30?
10
Calculate the greatest common factor of 12 and 1236.
12
What is the highest common divisor of 108 and 351?
27
What is the greatest common factor of 240 and 3660?
60
Calculate the greatest common divisor of 33 and 48.
3
What is the highest common divisor of 1962 and 18?
18
What is the greatest common divisor of 1014 and 14?
2
Calculate the highest common divisor of 170 and 238.
34
Calculate the highest common divisor of 108 and 612.
36
What is the highest common factor of 80 and 100?
20
Calculate the greatest common divisor of 154 and 70.
14
What is the greatest common factor of 153 and 36?
9
What is the highest common factor of 4824 and 48?
24
What is the greatest common divisor of 120 and 15816?
24
What is the greatest common factor of 18690 and 98?
14
Calculate the greatest common factor of 29 and 203.
29
What is the greatest common divisor of 238 and 646?
34
What is the greatest common divisor of 117 and 13182?
39
What is the highest common factor of 2522 and 325?
13
Calculate the highest common factor of 1 and 27.
1
What is the highest common divisor of 9735 and 1416?
177
Calculate the greatest common divisor of 82 and 6970.
82
What is the highest common factor of 33 and 1749?
33
Calculate the highest common factor of 16 and 180.
4
What is the greatest common divisor of 56 and 1288?
56
What is the highest common factor of 9 and 126?
9
Calculate the highest common factor of 18 and 22.
2
What is the greatest common divisor of 280 and 105?
35
Calculate the highest common divisor of 1386 and 56.
14
What is the highest common factor of 1035 and 575?
115
Calculate the highest common factor of 21 and 1491.
21
What is the greatest common factor of 1058 and 736?
46
What is the greatest common factor of 158 and 1343?
79
What is the highest common factor of 187 and 105281?
187
What is the highest common factor of 1392 and 48?
48
Calculate the greatest common factor of 786 and 48.
6
Calculate the highest common factor of 5280 and 15.
15
What is the highest common divisor of 323 and 17?
17
Calculate the greatest common divisor of 1799 and 7.
7
What is the highest common factor of 100 and 5900?
100
What is the highest common divisor of 40 and 2680?
40
What is the greatest common factor of 14 and 532?
14
What is the greatest common divisor of 1386 and 420?
42
Calculate the highest common divisor of 3293 and 1424.
89
Calculate the highest common factor of 10 and 76080.
10
Calculate the greatest common factor of 5140 and 20.
20
What is the greatest common factor of 9 and 1089?
9
What is the highest common factor of 68 and 680?
68
Calculate the highest common factor of 289 and 153.
17
What is the highest common divisor of 13 and 208?
13
What is the greatest common divisor of 403 and 91?
13
What is the greatest common factor of 83 and 2?
1
What is the highest common factor of 56 and 1204?
28
What is the greatest common factor of 1332 and 1517?
37
Calculate the greatest common factor of 70 and 30.
10
What is the greatest common factor of 46 and 50?
2
What is the highest common divisor of 45407 and 17?
17
Calculate the greatest common factor of 217 and 7.
7
What is the highest common factor of 3020 and 20?
20
What is the greatest common divisor of 3 and 1326?
3
Calculate the highest common factor of 639 and 4899.
213
Calculate the greatest common divisor of 32 and 6112.
32
What is the highest common divisor of 120 and 48?
24
What is the greatest common divisor of 44 and 8?
4
What is the highest common divisor of 89 and 979?
89
What is the greatest common factor of 8626 and 76?
38
Calculate the highest common divisor of 1650 and 132.
66
What is the highest common factor of 32 and 272?
16
What is the greatest common factor of 8 and 372?
4
Calculate the highest common factor of 10269 and 14.
7
Calculate the highest common factor of 480 and 3340.
20
What is the highest common divisor of 2247 and 21?
21
What is the greatest common divisor of 23166 and 132?
66
What is the greatest common divisor of 13 and 247?
13
What is the highest common factor of 23 and 2?
1
Calculate the greatest common divisor of 209 and 1672.
209
What is the greatest common divisor of 28213 and 89?
89
Calculate the highest common factor of 328 and 1681.
41
What is the highest common factor of 168 and 456?
24
Calculate the highest common divisor of 1270 and 2.
2
What is the highest common divisor of 81 and 279?
9
Calculate the greatest common factor of 99 and 22.
11
Calculate the highest common divisor of 3 and 67.
1
Calculate the highest common divisor of 124 and 527.
31
What is the highest common factor of 123 and 2173?
41
Calculate the highest common factor of 1840 and 828.
92
What is the highest common divisor of 96 and 544?
32
Calculate the highest common divisor of 35 and 1085.
35
Calculate the greatest common divisor of 237 and 24411.
237
Calculate the highest common factor of 54 and 783.
27
What is the highest common divisor of 33 and 12?
3
What is the greatest common factor of 324 and 405?
81
What is the greatest common factor of 92 and 3266?
46
What is the greatest common factor of 845 and 5?
5
What is the greatest common factor of 84 and 108?
12
What is the greatest common factor of 127 and 635?
127
Calculate the highest common factor of 144 and 1776.
48
What is the highest common factor of 27 and 6543?
9
Calculate the greatest common factor of 171 and 5111.
19
Calculate the highest common factor of 170 and 70.
10
What is the highest common divisor of 135 and 297?
27
What is the highest common divisor of 18 and 666?
18
What is the highest common factor of 371 and 2173?
53
What is the greatest common factor of 510 and 12?
6
Calculate the greatest common factor of 3185 and 65.
65
What is the highest common factor of 304 and 722?
38
Calculate the greatest common divisor of 4 and 512.
4
What is the greatest common divisor of 413 and 28?
7
What is the greatest common factor of 240 and 84?
12
What is the greatest common factor of 161 and 35?
7
Calculate the highest common factor of 30 and 15.
15
Calculate the highest common divisor of 3408 and 16.
16
Calculate the greatest common divisor of 456 and 60.
12
Calculate the highest common divisor of 11 and 803.
11
What is the highest common divisor of 169 and 6188?
13
What is the greatest common factor of 156 and 546?
78
What is the greatest common divisor of 3392 and 53?
53
Calculate the highest common divisor of 957 and 87.
87
What is the highest common factor of 17 and 544?
17
Calculate the highest common factor of 182 and 520.
26
What is the highest common factor of 4741 and 11?
11
Calculate the greatest common factor of 250 and 1125.
125
Calculate the greatest common divisor of 16933 and 177.
59
What is the highest common factor of 16 and 2?
2
What is the greatest common factor of 130 and 170?
10
Calculate the greatest common factor of 8 and 33.
1
What is the highest common divisor of 4 and 184?
4
What is the highest common factor of 69 and 2162?
23
What is the highest common factor of 4460 and 10?
10
What is the highest